{"id":12,"date":"2018-02-07T16:53:32","date_gmt":"2018-02-07T15:53:32","guid":{"rendered":"https:\/\/www.delyss-menu.com\/restaurant\/?page_id=12"},"modified":"2024-07-12T16:52:31","modified_gmt":"2024-07-12T14:52:31","slug":"tarifs","status":"publish","type":"page","link":"https:\/\/www.delyss-menu.com\/restaurant\/tarifs\/","title":{"rendered":"Tarifs"},"content":{"rendered":"<style>\r\nsup { vertical-align: super ; font-size: small}\r\nsmall { font-size: small}\r\n<\/style>\r\n\r\n<section id=\"fees\" class=\"page_section\">\r\n\t<div class=\"blue_haut\"><\/div>\r\n    <div class=\"content\">\r\n        <article class=\"page_article\">\r\n            <header>\r\n                <div class=\"page_image\">\r\n                    <img width=\"509\" height=\"343\" src=\"https:\/\/www.delyss-menu.com\/restaurant\/wp-content\/uploads\/menu_tablette_plat.png\" class=\"attachment-post-thumbnail size-post-thumbnail wp-post-image\" alt=\"\" decoding=\"async\" loading=\"lazy\" srcset=\"https:\/\/www.delyss-menu.com\/restaurant\/wp-content\/uploads\/menu_tablette_plat.png 509w, https:\/\/www.delyss-menu.com\/restaurant\/wp-content\/uploads\/menu_tablette_plat-300x202.png 300w\" sizes=\"auto, (max-width: 509px) 100vw, 509px\"\/>\r\n                <\/div>\r\n                <div class=\"header_content\">\r\n                    <h1 class=\"sub-border-left\">Tarifs<\/h1>\r\n                    <h2><strong>DELYSS<\/strong> est propos\u00e9e sous diff\u00e9rentes licences, selon votre besoin.<\/h2>\r\n                  <\/div>\r\n            <\/header>\r\n            <div class=\"article_content fees_content\">\r\n               \r\n               <div class=\"card delyss_lite\"><h2>Delyss Lite <\/h2> <span class=\"subtitle\">Carte seule<\/span>\r\n                  <p>8<sup>\u20ac<\/sup><\/p><span>\/mois<\/span>\r\n                  <ul class=\"fa-ul\">\r\n                     <li><span class=\"fa-li\"><i class=\"fas fa-check-circle\"><\/i><\/span> Carte et menu consultable<\/li>\r\n                     <li><span class=\"fa-li\"><i class=\"fas fa-check-circle\"><\/i><\/span> Mise en panier<\/li>\r\n                     <li><span class=\"fa-li\"><i class=\"fas fa-check-circle\"><\/i><\/span> Multilingue<\/li>\r\n                     <li class=\"no\"><span class=\"fa-li\"><i class=\"fas fa-ban\"><\/i><\/span> Jeux, Navigation web, Actualit\u00e9s<\/li>\r\n                     <li class=\"no\"><span class=\"fa-li\"><i class=\"fas fa-ban\"><\/i><\/span> Publicit\u00e9s<\/li> \r\n                     <li class=\"no\"><span class=\"fa-li\"><i class=\"fas fa-ban\"><\/i><\/span> Envoi de la commande<\/li>\r\n                     <li class=\"no\"><span class=\"fa-li\"><i class=\"fas fa-ban\"><\/i><\/span> Impression par p\u00f4les<\/li>\r\n                  <\/ul>\r\n               <\/div>\r\n               <div class=\"card delyss_full\"><h2>Delyss Full <\/h2> <span class=\"subtitle\">Carte &#038; Commande<\/span>\r\n                  <p>17<sup>\u20ac<\/sup><\/p><span>\/mois<\/span>\r\n               <ul class=\"fa-ul\">\r\n                     <li><span class=\"fa-li\"><i class=\"fas fa-check-circle\"><\/i><\/span> Carte et menu consultable<\/li>\r\n                     <li><span class=\"fa-li\"><i class=\"fas fa-check-circle\"><\/i><\/span> Mise en panier<\/li>\r\n                     <li><span class=\"fa-li\"><i class=\"fas fa-check-circle\"><\/i><\/span> Multilingue<\/li>\r\n                     <li><span class=\"fa-li\"><i class=\"fas fa-check-circle\"><\/i><\/span> Jeux, Navigation web, Actualit\u00e9s<\/li>\r\n                     <li><span class=\"fa-li\"><i class=\"fas fa-check-circle\"><\/i><\/span> Publicit\u00e9s<\/li> \r\n                     <li><span class=\"fa-li\"><i class=\"fas fa-check-circle\"><\/i><\/span> Envoi de la commande<\/li>\r\n                     <li><span class=\"fa-li\"><i class=\"fas fa-check-circle\"><\/i><\/span> Impression par p\u00f4les<\/li>\r\n                  <\/ul>\r\n               <\/div>\r\n               <p><\/p>\r\n                <p class=\"note\">\r\n                    * Tarifs d\u00e9gressifs selon la quantit\u00e9 de licences ou tablettes command\u00e9es (tarif ici indiqu\u00e9 pour au moins 10 tablettes command\u00e9es)\r\n                <\/p>\r\n               \r\n              \t <div class=\"card locmatos\">\r\n <img decoding=\"async\" src=\"https:\/\/www.delyss-menu.com\/restaurant\/wp-content\/uploads\/tablette-volante-menu-restaurant-300x199.png\" alt=\"Tablette de menu pour restaurant\"\/>\r\n                    <span>Location de tablettes volante \u00e0 l&rsquo;ann\u00e9e : <b>29\u20ac\/mois<\/b> *<\/span>\r\n<br style=\"clear:both\">\r\n<img decoding=\"async\" style=\"float:right;margin-left:0;margin-right:-130px\" src=\"https:\/\/www.delyss-menu.com\/restaurant\/wp-content\/uploads\/tablette-menu-blanche-selftab-300x245.png\" alt=\"Tablette de menu pour restaurant sur table\"\/>\r\n                    <span>Location de tablettes SelfTab \u00e0 l&rsquo;ann\u00e9e : <b>37\u20ac\/mois<\/b> *<\/span>\r\n<br style=\"clear:both\">\r\n<img decoding=\"async\" src=\"https:\/\/www.delyss-menu.com\/restaurant\/wp-content\/uploads\/borne-fold-menu-pour-restaurant-284x600.png\" alt=\"Borne de menu pour restaurant\"\/>\r\n<span>Location de tablettes SelfTab \u00e0 l&rsquo;ann\u00e9e : <b>68\u20ac\/mois<\/b> *<\/span>\r\n\r\n               <br style=\"clear:both\">\r\n              \t <p>* Tarifs indicatifs susceptibles d\u2019\u00e9voluer dans le temps selon les tablettes disponibles en stock<\/p>\r\n            <\/div>\r\n               \r\n                <\/div>\r\n                <p class=\"note\">\r\n                    \r\n                <\/p>\r\n            <div>\r\n        <\/article>\r\n    <\/div>\r\n<\/section>\r\n\t\t    ","protected":false},"excerpt":{"rendered":"<p>Tarifs DELYSS est propos\u00e9e sous diff\u00e9rentes licences, selon votre besoin. Delyss Lite Carte seule 8\u20ac\/mois Carte et menu consultable Mise en panier Multilingue Jeux, Navigation web, Actualit\u00e9s Publicit\u00e9s Envoi de la commande Impression par p\u00f4les Delyss Full Carte &#038; Commande 17\u20ac\/mois Carte et menu consultable Mise en panier Multilingue Jeux, Navigation web, Actualit\u00e9s Publicit\u00e9s Envoi [&hellip;]<\/p>\n","protected":false},"author":3,"featured_media":140,"parent":0,"menu_order":0,"comment_status":"closed","ping_status":"closed","template":"","meta":{"_locale":"fr_FR","_original_post":"12","footnotes":""},"class_list":["post-12","page","type-page","status-publish","has-post-thumbnail","hentry","fr-FR"],"aioseo_notices":[],"_links":{"self":[{"href":"https:\/\/www.delyss-menu.com\/restaurant\/wp-json\/wp\/v2\/pages\/12","targetHints":{"allow":["GET"]}}],"collection":[{"href":"https:\/\/www.delyss-menu.com\/restaurant\/wp-json\/wp\/v2\/pages"}],"about":[{"href":"https:\/\/www.delyss-menu.com\/restaurant\/wp-json\/wp\/v2\/types\/page"}],"author":[{"embeddable":true,"href":"https:\/\/www.delyss-menu.com\/restaurant\/wp-json\/wp\/v2\/users\/3"}],"replies":[{"embeddable":true,"href":"https:\/\/www.delyss-menu.com\/restaurant\/wp-json\/wp\/v2\/comments?post=12"}],"version-history":[{"count":12,"href":"https:\/\/www.delyss-menu.com\/restaurant\/wp-json\/wp\/v2\/pages\/12\/revisions"}],"predecessor-version":[{"id":501,"href":"https:\/\/www.delyss-menu.com\/restaurant\/wp-json\/wp\/v2\/pages\/12\/revisions\/501"}],"wp:featuredmedia":[{"embeddable":true,"href":"https:\/\/www.delyss-menu.com\/restaurant\/wp-json\/wp\/v2\/media\/140"}],"wp:attachment":[{"href":"https:\/\/www.delyss-menu.com\/restaurant\/wp-json\/wp\/v2\/media?parent=12"}],"curies":[{"name":"wp","href":"https:\/\/api.w.org\/{rel}","templated":true}]}}